e -20 + -10 + 27 + -19.
-22
76 + (6 - -17) - 96
3
Evaluate 18 + (-19 - 17 - -16) + 4 - 34.
-32
(-55 + 18 - -84) + -87
-40
What is the value of (78 + -142 - -151) + -133?
-46
What is 5 + (-3 - -2 - (-13 - -31)) + -4 + 6?
-12
Evaluate 1 - (-42 + (-38 - (-46 + 12))).
47
Evaluate -86 + 88 - ((-33 - -3) + 9).
23
-17 + 17 + (107 - 63) - -2
46
What is the value of -88 + (-30 + 80 - 15)?
-53
-5 - 32 - (0 - 21 - (553 - 563))
-26
Calculate -5 - (8 + 0 + (20 - 11) + -13).
-9
Calculate (-13 - (4 + (-10 - -7) - 6) - -40) + 1.
33
141 - (10 + (225 - 86))
-8
Evaluate 102 - 0 - ((-11 + 40 - 55) + 42).
86
Calculate 18 + (-18 - (-5 + -7 + 5)).
7
(105 - 120) + (2 - 15) - (-11 + -4)
-13
Calculate -12 + -1 - (5894 - 5867).
-40
Evaluate (52 - 64) + 43 - (-1 + 31).
1
What is 60 + (-7 - -20) + -53?
20
Evaluate -2 + -7 - (38 - 42 - 83).
78
Evaluate -55 + -3 + (-1 - -10) + (44 - 20) + -26.
-51
Evaluate ((4 - (-13 + 14)) + -9 - 55) + 14.
-47
Evaluate 14 + -1 - (40 + -34 + -35 - -101).
-59
Calculate (2126 - 2100) + 2 + 2.
30
Calculate -3 + -7 + 19 - -90.
99
Calculate 15 + -77 + -2 + -8 - (2 + (-5 - 0)).
-69
-26 + (-9 - -15) - (-6 + -125 + 9)
102
What is (56 - (50 - -14)) + 87?
79
-5 - (4 + -4 + 10 + (18 + -9 - 66))
42
Calculate 263 + -268 + (116 - 0) + -61 + 56.
106
Evaluate 18 + -5 + 46 + (-4 - 8).
47
-14 - -3 - 2 - (24 + 2 + -16)
-23
Calculate -20947 + 21025 - (1 - -81).
-4
Evaluate (-7 - (1 - -12)) + (34 - -4).
18
(-50 - -71) + 5 - (3 + 47)
-24
What is the value of 252 + -137 - 108 - (1 + (0 - 0) - -5)?
1
What is 617 + -628 - (-1 - 10) - 9?
-9
Evaluate 15 + -74 + (-3 + 12 - (47 + 7 + -37)).
-67
34 - (-42 + 72 + 17)
-13
What is -1 - ((-35 - -102) + -79 - (88 - 0))?
99
(7 - (-1 - -23)) + (-3 - -62 - 22)
22
(-7 - (-10 + (13 - -5))) + 30 - (107 + 3)
-95
Evaluate -16 + -9 + 18 - (0 + -13 + 3) - 25.
-22
What is the value of 16 + -9 + -25 + 3 - (-5 + 1) - 63?
-74
Evaluate 45 + -11 + -24 + (-90 - -4) + -3.
-79
Evaluate 86 + -69 + (0 - -21).
38
Calculate (7 - 2 - 2 - 78) + -150 + 138.
-87
(1 - 0 - 10) + -227 + 199 + -7
-44
What is 12 + (5 - 4) - ((-8 - -14) + -21)?
28
-25 + (-15 - -48) + 33 + (-15 - -1 - -2)
29
Evaluate 9 - (-28 + 13 - -44 - (11 + -33 - -10)).
-32
-77 + 43 + 51 - (41 + 0 + 5)
-29
Calculate 18 + 17 + (12 - 2) - -6 - 15.
36
Evaluate 0 + 1 - (7 + (-9 - (-16 - -22)) + 61).
-52
What is 39 + -8 + -85 + 35?
-19
Evaluate 110 + (-206 + -55 - -80).
-71
-12 + (-5 - (0 - 2 - (48 + -59)))
-26
Calculate (27 - (10 - (-21 - -26))) + -26.
-4
Evaluate 55 + (9 - (-3 - (-16 + (-2 + 2 - -7)))).
58
What is (14 - 14 - 60) + -12 - (3 + -8 + 7)?
-74
Evaluate -5786 + 5811 + 0 + 33.
58
What is the value of 70 + -52 + (-2 - 7) + -150 + 68?
-73
21 - -26 - 43 - (32 - -1)
-29
Calculate (-70 + 78 - (0 + 1)) + (-40 - -16 - -133).
116
122 + -55 + 81 + -4 + (-6 - -3)
141
Evaluate -102 - (-96 - -61) - -42.
-25
What is 23 + 42 + 2 - (1 - 5)?
71
What is 32 + -2 + 65 - 9?
86
((-61 - -26) + -3 - -14) + -2 + -1
-27
Evaluate -73 - (-6 - (-38 + 53) - (-2 - 14)).
-68
-7553 + 7529 + -52 + 1
-75
9 + (17 - 56 - (9 - 0)) - 7
-46
Evaluate (-3340 - -3283) + 50 + 1.
-6
Evaluate 33 + -6 + -21 - (15 + 3) - 6.
-18
Evaluate 11 - (849 + -850 - (-9 + -1)).
2
What is (93 - 115) + 133 + -14 + 4?
101
Evaluate (4 - 7 - 21) + -57 + 49 + -3.
-35
What is 1147 + -1082 - (6 + -3 - 44)?
106
What is the value of -85 + (8 - 9) + (-6 + 1 + -19 - -14)?
-96
Calculate -37 + (-39 - (65 - 79)).
-62
What is 77 - (5 + (2 - -1) + -2)?
71
Evaluate -15 + (-107 - -143) + -61.
-40
What is -26 + 35 + (-19 - 7) - -43?
26
What is 67 + -78 - 118 - 8?
-137
What is the value of (11 + 0 - 8) + (-4 - -1) + 2 + -66?
-64
Evaluate 46 + -21 - (4 - 42).
63
Calculate (-13 + -7 + 15 + 0 - -6) + (60 - 80).
-19
Calculate 14 + -4 + 0 - -25 - (-5 + -7).
47
What is the value of (10 - (5 - -5)) + (-16 - -37 - (0 + 3))?
18
Evaluate (7 - -52 - 52) + 0 + (46 - 0).
53
8 + (-13 - (-11 + -16 + 20))
2
What is 79 - ((31 - 21) + 32)?
37
What is the value of -33 + 5 - 2 - (6 + (-10 - -6) - 1)?
-31
Calculate (-4 - -4) + (125 - 7) + (2 - 13 - -25).
132
Calculate -24 - (-8 - (-26 - -58 - 16)).
0
What is (2 - -24 - 41) + 58 + -22?
21
What is the value of 3 + (-1 - 3) + 7 - (-127 + 23 - -76)?
34
Evaluate -17 - (12 + 2 + (-80 - -54 - 6)).
1
What is 15 + (-15 - (2 + -9)) + (3 + -18 - -9)?
1
Calculate 5 + -2 - (-18 + (5 - -5) + 7 - -57).
-53
What is the value of 4 - (-23 + -16) - (-5 - (6 - 12))?
42
What is (25 - 11 - -5) + (-7 - -1 - (-1 - -1))?
13
Calculate 23 + 1 - (-73 + (80 - 6)).
23
What is 53 - (100 - 35) - (3 + -6 - 32)?
23
What is the value of 17 - -1 - (54 + -54 - 60 - -49)?
29
What is the value of -10 + 3 - (45 - 39)?
-13
What is 2 + -21 + (-815 - -738)?
-96
Calculate 88 + -174 + 27 - -112.
53
What is the value of -146 + 167 - (-3 - (-2 + -1))?
21
Calculate -1 + 0 + -92 + (-159 - (136 + -300)).
-88
What is 29 + (-49 - 73) - -82?
-11
What is -10 + 43 - ((15 - -19) + -31)?
30
Evaluate -10 + -154 + 79 + 4.
-81
What is the value of -33 + 34 + -3 + (-1 - 0) + -3?
-6
-2 - ((55 - 11) + 11 + 4)
-61
Evaluate (-22 - -2) + 112 + 0 + -8 + 9.
93
Evaluate -11 + 15 + 11 - (52 - 130).
93
Evaluate 8 + 32 + -129 + 33.
-56
What is (-2 - (0 - -6)) + -54 + (6 - (6 + -6))?
-56
What is the value of 144 + -139 - (21 + -8 + -8) - (1 + 50)?
-51
What is the value of -7 + (-1 - 35) + -8 + 2 + 23 + -12?
-38
What is the value of (-9 - 53) + 16 + -1 + 4 + -3?
-46
What is the value of 22 + 42 + -10 + -61?
-7
-11 + -2 + 232 + -228 + (49 - 0) + -7
33
What is the value of -37 - (-56 - (32 + -10))?
41
-8 + 2 + -16 + 27 + -55 - -7
-43
What is 41 + 2 + (-19 - -26) - 25 - -92?
117
What is -56 - (9 + -4 + 22 + -16 + -2)?
-65
Calculate 7 - (-60 - (-62 + 22)).
27
Evaluate -10 + 4 + -2 + (-12 - 1 - (-39 + 23)).
-5
What is 57 + (28 + -24 + -6 - 17)?
38
Calculate -2 + 5 + 6 + -11 + 9 + -36.
-29
What is (4 - (-4 + 3 + -4 + 83 + -69)) + -2?
-7
What is -6 + 14 + -1 + 34 + (2 + -6 - 0)?
37
Calculate (-21 + -1 + -2 - -148 - -16) + -13.
127
What is the value of 90 - 120 - (-88 - -15)?
43
4 + 1 + -24 + -26 + 61 + 77
93
Evaluate 18 + -30 - (92 + -146).
42
Evaluate 92 - (-2 - (4 + 0)) - (19 + -42 + 31).
90
What is (0 - (-1 + -63)) + ((74 - 71) + -77 - -72)?
62
What is -107 + 102 + (-128 - -93)?
-40
33 + (-35 - -16) - (-13 - 2)
29
What is 55 - -4 - (43 - -1)?
15
-5 + (-21 + (-1 - -34) - (15 - (-2 - 0)))
-10
Calculate (-54 - -90) + -3 + -2.
31
Evaluate 6 + (1 - 4 - 9) + -6 + (-5 - -9).
-8
Calculate 2 + 16 - (150 - (-95 + 281)).
54
What is the value of (-3 - -25 - (2 + 18 - 0)) + -103?
-101
What is (2 - 27) + 460 + -398?
37
What is -119 + (3 - -5) - ((22 + -7 - 14) + -8)?
-104
66 + -98 - ((-6 + 0 - -17) + 0)
-43
Evaluate -23 - (-4 - 27) - 48.
-40
Calculate (1 - -58 - -1) + (-77 - -59) + (-25 - -51).
68
-35 + (-1 + -21 - (-12 + -18))
-27
(855 + -829 - (-1 + -80)) + (-7 + 1 - 1)
100
Evaluate ((5 - (1 + 5)) + -4 - (-6 + -50)) + 3.
54
What is -21 + 10 + 20 - (-18 + (-12 - (-5 + 0)))?
34
-4 + -16 + 2 + (-17 - (-41 + 21))
-15
What is the value of 66 + -2 + 2 + (208 - 204) - (28 + -21)?
63
Calculate -30 + 49 + -4 + 11 + 12.
38
Evaluate (153 - 74) + -74 - (18 - 2) - 4.
-15
-6 + 0 - ((1 - -13) + (-26 - (-6 + -6)))
-6
What is (-74 - -35) + 30 + 4 + (1 - 2 - -1)?
-5
Calculate 25 + (17 + 2 - 25) + -12 + 89.
96
-56 - 35 - (-44 + 2)
-49
Evaluate -24 - (-25 - 27) - 6.
22
Calculate (377 - 310) + 38 + -18.
87
What is -2 + 16 + -8 + 20 + 28?
54
What is the value of -1 + (-1 + -136 - 0) + -392 + 216 + 191?
-123
Calculate 36 - (4 - (10 - -6)) - 4.
44
Evaluate 1 + -23 - ((86 - 37) + -24).
-47
Evaluate (-6 - (4 - 3)) + -2 + (-16 + 69 - 52).
-8
What is the value of (8 - 1) + 1 + -11 + (-7 - -14) + -1?
3
Calculate (-21 - -61) + 28 + (-31 - 29).
8
What is the value of 11 - ((9 + (-7 - 9) - -5) + 48)?
-35
What is (-12 + 11 - 4) + -9 + 2 + (-42 - -41)?
-13
What is (-23 - (7 + -41)) + (-3 - -94) - 0?
102
2 - (13 - 2) - (-17 + -2 - -9)
1
What is -89 - (-23 - (-80 + 57))?
-89
What is the value of 26 + -1 + 101 + -3 + -103?
20
Evaluate -15 + (-17 - -56 - 36).
-12
-9 + -46 - -13 - (-9 + -36)
3
Evaluate (3 + 7 - (2 - 1)) + -741 + 583 + 13.
-136
-32 - -45 - (-13 + 5)
21
What is -8 + -6 + 4 - (530 + -560)?
20
What is -100 + 51 - -55 - (37 - (2 + -1))?
-30
38 - (187 + -180 + (-5 - 5) + (0 - -1))
40
Evaluate -745 + 724 + (2 - (4 + -5)) + -39.
-57
Calculate